3*n + 4. Give f(-5).
-6
Let r(u) = -2*u + 12. Give r(8).
-4
Let n(y) = y**3 - 3*y**2 + 1. Determine n(4).
17
Let l(b) = b**3 + 5*b**2 - 10*b - 4. Calculate l(-7).
-32
Let y(w) = w**3 - 4*w**2 - 15*w + 12. Give y(6).
-6
Let p(o) = -4*o**3 - 60*o**2 + o + 20. What is p(-15)?
5
Let m(f) = f**2 + 11*f + 26. Determine m(-5).
-4
Let p(c) = 5*c - 104. Give p(0).
-104
Let o(z) = z**2 - 16*z + 29. Determine o(14).
1
Let m(g) = g - 7. Give m(3).
-4
Let s(t) = t + 6. What is s(-7)?
-1
Let r(c) = -74*c - 7. Give r(-2).
141
Let s(q) = 7*q - 24. Calculate s(-2).
-38
Let i(a) = -a**2 + 16*a - 2. Determine i(10).
58
Let a(k) = -2*k**2 - 32*k + 39. Calculate a(-17).
5
Let r(l) = 24*l + 117. Give r(-5).
-3
Let u(a) = -149*a - 582. What is u(-4)?
14
Let l(w) = -w**2 + 6*w - 2. Determine l(0).
-2
Let v(w) = -w**2 - 6*w - 9. Calculate v(-7).
-16
Let u(b) = -6*b**3 + 4*b**2 + 6*b + 22. Determine u(-3).
202
Let b(g) = g + 13. Give b(-2).
11
Let p(o) = -o**2 + 8*o - 20. What is p(12)?
-68
Let g(o) = -o**3 - 8*o**2 + 4*o + 17. What is g(-8)?
-15
Let l(h) = h**3 + 2*h**2 - 2*h + 10. Calculate l(-3).
7
Let x(k) = 2*k**3 + k**2 - 6*k - 7. Calculate x(-2).
-7
Let o(i) = -9*i - 75. What is o(-9)?
6
Let h(w) = 2*w**2 + 14*w + 5. Give h(-8).
21
Let m(j) = -2*j**3 - j**2 + 25*j + 28. What is m(-3)?
-2
Let n(r) = -2*r**2 - 7*r - 3. Calculate n(-7).
-52
Let t(z) = 5*z - 44. Give t(6).
-14
Let d(a) = -a**3 + 14*a**2 - 32*a - 16. Determine d(11).
-5
Let s(h) = h**2 - 13*h + 11. Give s(8).
-29
Let l(u) = u - 10. What is l(6)?
-4
Let z(x) = -118*x + 8. Calculate z(-2).
244
Let s(n) = 2*n**2 - 35*n - 12. Calculate s(18).
6
Let m(f) = 29*f - 13. Calculate m(0).
-13
Let d(q) = q**2 + 4*q - 4. Determine d(-4).
-4
Let n(t) = -t**3 - 7*t**2 - 3*t + 16. Give n(-6).
-2
Let x(y) = -y + 15. Determine x(10).
5
Let k(q) = -3*q - 10. Determine k(2).
-16
Let o(k) = -k**2 - 6*k - 6. What is o(-6)?
-6
Let b(k) = -9*k + 3. What is b(2)?
-15
Let d(k) = -8*k - 1. Give d(5).
-41
Let q(y) = 8*y - 44. What is q(-4)?
-76
Let r(m) = -m + 13. Calculate r(4).
9
Let v(t) = 2*t**3 + 13*t**2 - 5*t + 15. Determine v(-7).
1
Let b(j) = -30*j - 404. Determine b(-14).
16
Let i(x) = 4*x - 6. Give i(11).
38
Let w(l) = -3*l + 2. Calculate w(3).
-7
Let i(c) = c + 18. Calculate i(10).
28
Let s(g) = 9*g - 2. Calculate s(-1).
-11
Let h(n) = 4*n**2 + 2*n + 2. What is h(-2)?
14
Let b(k) = k**2 + 20*k + 95. Give b(-8).
-1
Let v(d) = 4*d + 2. Give v(-9).
-34
Let s(l) = -93*l + 2. Determine s(1).
-91
Let y(r) = r**3 - 5*r**2 - 8*r + 7. Determine y(7).
49
Let t(p) = 34*p**2 + p + 1. Calculate t(-1).
34
Let g(r) = -5*r**2 - 14*r + 14. What is g(1)?
-5
Let x(l) = 6*l - 73. Give x(18).
35
Let s(c) = -c**2 + 6*c + 2. Give s(6).
2
Let u(z) = -3*z**3 - z**2 + 2*z - 2. Determine u(1).
-4
Let u(m) = -m**3 - 7*m**2 + 3*m - 16. What is u(-8)?
24
Let r(x) = x**2 + 3*x + 14. Determine r(-6).
32
Let x(t) = -t**2 + 12*t + 34. Calculate x(13).
21
Let d(q) = q**3 - 9*q**2 - 12*q + 8. Determine d(10).
-12
Let v(l) = -9*l**2 + l + 1. Calculate v(-1).
-9
Let a(c) = -132*c - 1446. Give a(-11).
6
Let w(i) = -i**2 - 3*i - 2. What is w(-4)?
-6
Let l(k) = -11*k + 3. Calculate l(3).
-30
Let k(q) = -9*q**2 - 7*q - 25. What is k(-4)?
-141
Let v(a) = 95*a - 1. Calculate v(1).
94
Let d(t) = 13*t**3 - 2*t + 3. Give d(1).
14
Let k(f) = f**2 + 27*f - 18. Determine k(-28).
10
Let j(n) = -n**2 - 5*n + 1. Give j(-7).
-13
Let d(h) = h**2 + 8*h - 5. Calculate d(-6).
-17
Let l(m) = -19*m - 100. Determine l(-5).
-5
Let i(m) = m**3 - 7*m**2 - 3*m + 8. What is i(7)?
-13
Let v(q) = 2*q + 7. Determine v(-8).
-9
Let y(z) = z**3 - 5*z**2 - 18*z - 13. Give y(8).
35
Let n(j) = -6*j - 1. Give n(-4).
23
Let r(q) = -2*q**2 + q + 2. Give r(-3).
-19
Let z(c) = -2*c + 79. Calculate z(37).
5
Let v(l) = 2*l**3 + 15*l**2 - 4*l + 17. What is v(-8)?
-15
Let s(x) = -5*x**3 - 2*x**2 + x + 6. Determine s(2).
-40
Let m(a) = -5*a**2 - 2*a. Determine m(-3).
-39
Let k(x) = x**2 - 15*x + 3. Calculate k(14).
-11
Let p(v) = v**2 - 6*v - 4. Determine p(5).
-9
Let h(l) = l**3 + 9*l**2 + 4*l. Give h(-9).
-36
Let n(j) = -j**3 + 18*j**2 - 17*j + 3. Determine n(17).
3
Let o(n) = n**3 - 5*n**2 - 4*n - 10. What is o(6)?
2
Let g(d) = 2*d**3 + 6*d**2 + d - 2. Determine g(-3).
-5
Let g(r) = -r**2 - 30*r + 8. Determine g(-30).
8
Let h(w) = -2*w**3 - w**2 + 4*w + 3. What is h(3)?
-48
Let a(z) = z**3 - 32*z**2 - 35*z + 23. Calculate a(33).
-43
Let o(a) = -2*a**3 - 10*a**2 + 7*a + 6. Calculate o(-6).
36
Let j(w) = -w**3 - 33*w**2 - w - 31. What is j(-33)?
2
Let t(b) = -7*b - 1. Give t(1).
-8
Let f(y) = y**3 - 5*y**2 + 3*y - 3. What is f(4)?
-7
Let n(r) = r**2 - 8*r - 11. Give n(9).
-2
Let i(a) = -a**2 + 18*a - 30. Calculate i(12).
42
Let m(h) = h**2 + 3*h - 20. What is m(-6)?
-2
Let k(z) = -2*z + 21. Determine k(13).
-5
Let p(s) = s**3 - 3*s**2 - 3*s + 4. Give p(3).
-5
Let k(w) = -w**2 - 8*w - 2. Determine k(-7).
5
Let n(d) = 9*d**3 + 2*d**2 + 3*d + 1. Give n(-1).
-9
Let t(c) = c**3 - 12*c**2 - 2*c + 19. Determine t(12).
-5
Let g(i) = 7*i - 4. Calculate g(-5).
-39
Let t(r) = r**3 - 12*r**2 + 19*r - 4. Give t(10).
-14
Let y(a) = -a**2 - 1. Determine y(-1).
-2
Let v(z) = -z**2 + z + 22. Determine v(0).
22
Let z(l) = -l**2 - l - 6. What is z(-3)?
-12
Let u(h) = -7*h - 3. Calculate u(6).
-45
Let s(v) = -v**2 + 8*v + 20. Determine s(12).
-28
Let b(i) = i**3 + 20*i**2 + 78*i + 44. Calculate b(-15).
-1
Let x(q) = -4*q**2 + 68*q + 79. What is x(18)?
7
Let j(l) = l + 8. Give j(-7).
1
Let i(r) = r**3 - 12*r**2 - 14*r + 26. What is i(13)?
13
Let p(j) = -2*j**2 + 14*j - 28. Calculate p(2).
-8
Let d(j) = 2*j**3 - 9*j**2 + 2*j + 2. What is d(6)?
122
Let k(s) = s**2 - 10*s + 3. Calculate k(4).
-21
Let u(d) = -2*d**2 - 89*d - 67. Give u(-44).
-23
Let k(d) = -5*d - 17. What is k(-5)?
8
Let c(u) = -5*u**3 - u**2 + 4*u + 1. What is c(2)?
-35
Let i(y) = y**2 + 12*y + 37. Give i(-6).
1
Let i(r) = -2*r**2 - 19*r - 20. Give i(-7).
15
Let s(d) = -3*d**3 - 5*d**2 - 4*d - 6. Give s(-3).
42
Let p(t) = -t**2 + 21*t - 3. Calculate p(20).
17
Let g(m) = -m**3 + 19*m**2 - 39*m + 88. Calculate g(17).
3
Let o(l) = -l**3 - 23*l**2 + 22*l - 25. Give o(-24).
23
Let a(w) = -4*w + 53. Calculate a(-19).
129
Let a(n) = -38*n**2 + 1. Determine a(-1).
-37
Let j(z) = -z + 52. Determine j(31).
21
Let p(u) = -u**2 - 7*u - 4. What is p(-5)?
6
Let u(v) = 16*v**3 + v**2 - v + 1. Calculate u(1).
17
Let k(y) = y**3 - 6*y**2 - 6*y + 1. Determine k(7).
8
Let l(r) = -19*r - 92. Give l(-5).
3
Let p(i) = 2*i - 7. Determine p(3).
-1
Let o(y) = -6*y**2 - 2*y - 1. What is o(-1)?
-5
Let n(a) = 31*a + 384. Give n(-12).
12
Let b(c) = 5*c - 8. Give b(4).
12
Let n(q) = -q**3 + 7*q**2 + 7*q + 8. Determine n(8).
0
Let i(z) = 2*z**2 + 4*z - 3. Give i(-4).
13
Let x(j) = -5*j - 30. Give x(-9).
15
Let f(x) = -x**3 - 14*x**2 - 19*x + 70. What is f(-12)?
10
Let z(q) = -q**2 - 14*q - 36. Give z(-5).
9
Let y(c) = -3*c**3 + 91*c**2 - 30*c - 3. What is y(30)?
-3
Let u(q) = 14*q + 34. Give u(-3).
-8
Let x(d) = 12*d + 78. What is x(-7)?
-6
Let d(p) = 2*p**2 + 14*p - 18. Calculate d(-8).
-2
Let t(h) = -h**3 - 4*h**2 + 5*h + 6. Give t(-5).
6
Let m(q) = q**2 + 4*q - 44. Determine m(5).
1
Let f(m) = m**3 - 8*m**2 - 6*m - 17. Determine f(9).
10
Let f(r) = r**2 - 27*r + 4. Calculate f(27).
4
Let j(w) = 2*w - 34. What is j(16)?
-2
Let s(h) = -h**3 + 15*h**2 + 37*h - 56. Give s(17).
-5
Let p(u) = -7*u + 12. Determine p(9).
-51
Let f(v) = -v**3 + v. Determine f(1).
0
Let t(f) = f**3 + 5*f**2 - 7*f - 1. Give t(3).
50
Let n(x) = -2*x**2 + 15*x + 13. Determine n(5).
38
Let d(l) = l**2 + 20*l + 3. Determine d(-21).
24
Let s(z) = 4*z**2 - 33*z - 9. Determine s(9).
18
Let c(f) = -f**3 - 2*f**2 + 3*f + 1. Give c(-3).
1
Let s(v) = 4*v**2 + v - 11. Calculate s(6).
139
Let t(o) = -o**3 + 4*o**2 + 11*o + 11. What is t(6)?
5
Let k(z) = -2*z**2 + 15*z + 82. Determine k(11).
5
Let a(d) = -d + 30. Determine a(22).
8
Let n(z) = -5*z - 95. Calculate n(0).
-95
Let n(u) = -u**3 - 9*u**2 + 11*u + 3. Determine n(-10).
-7
Let s(m) = m**2 - 14*m - 9. Determine s(11).
-42
Let z(x) = -x**3 + 6*x**2 - 3*x - 8. Determine z(6).
-26
Let v(n) = -18*n - 9. Determine v(-1).
9
Let u(x) = -5*x - 32. Calculate u(-5).
-7
Let u(f) = f**2 - 151*f + 727. Calculate u(5).
-3
Let g(m) = -2*m**2 + 8*m + 187. Determine g(-8).
-5
Let